{"id":854,"date":"2020-01-08T10:09:39","date_gmt":"2020-01-08T10:09:39","guid":{"rendered":"http:\/\/le.ese.ipp.pt\/?page_id=854"},"modified":"2020-01-16T10:05:54","modified_gmt":"2020-01-16T10:05:54","slug":"1920a02_","status":"publish","type":"page","link":"https:\/\/le.ese.ipp.pt\/?page_id=854","title":{"rendered":"1920A02_Social media impact on cultural movements"},"content":{"rendered":"\n<p><strong>Social media impact on cultural movements<\/strong><\/p>\n\n\n\n<figure class=\"wp-block-image\"><img loading=\"lazy\" decoding=\"async\" width=\"1024\" height=\"513\" src=\"https:\/\/le.ese.ipp.pt\/wp-content\/uploads\/2020\/01\/imagem-2-1024x513.png\" alt=\"\" class=\"wp-image-891\" srcset=\"https:\/\/le.ese.ipp.pt\/wp-content\/uploads\/2020\/01\/imagem-2-1024x513.png 1024w, https:\/\/le.ese.ipp.pt\/wp-content\/uploads\/2020\/01\/imagem-2-300x150.png 300w, https:\/\/le.ese.ipp.pt\/wp-content\/uploads\/2020\/01\/imagem-2-768x385.png 768w, https:\/\/le.ese.ipp.pt\/wp-content\/uploads\/2020\/01\/imagem-2-960x480.png 960w, https:\/\/le.ese.ipp.pt\/wp-content\/uploads\/2020\/01\/imagem-2.png 1913w\" sizes=\"auto, (max-width: 1024px) 100vw, 1024px\" \/><figcaption><br><a href=\"https:\/\/luisx3media.wixsite.com\/socialmedia\">https:\/\/luisx3media.wixsite.com\/socialmedia<\/a><\/figcaption><\/figure>\n\n\n\n<p><\/p>\n\n\n\n<p>Lu\u00eds Filipe filipe (monteirolfpm@gmail.com)<br>Lu\u00eds Pinto luis (gomespinto@gmail.com)<br>Lu\u00eds Vasconcelos (luiskinze@gmail.com)<\/p>\n\n\n\n<figure class=\"wp-block-image\"><img loading=\"lazy\" decoding=\"async\" width=\"541\" height=\"267\" src=\"https:\/\/le.ese.ipp.pt\/wp-content\/uploads\/2020\/01\/imagem-4.png\" alt=\"\" class=\"wp-image-894\" srcset=\"https:\/\/le.ese.ipp.pt\/wp-content\/uploads\/2020\/01\/imagem-4.png 541w, https:\/\/le.ese.ipp.pt\/wp-content\/uploads\/2020\/01\/imagem-4-300x148.png 300w\" sizes=\"auto, (max-width: 541px) 100vw, 541px\" \/><\/figure>\n","protected":false},"excerpt":{"rendered":"<p>Social media impact on cultural movements Lu\u00eds Filipe filipe (monteirolfpm@gmail.com)Lu\u00eds Pinto luis (gomespinto@gmail.com)Lu\u00eds Vasconcelos (luiskinze@gmail.com)<\/p>\n","protected":false},"author":2,"featured_media":0,"parent":0,"menu_order":0,"comment_status":"closed","ping_status":"closed","template":"","meta":{"ngg_post_thumbnail":0,"footnotes":""},"class_list":["post-854","page","type-page","status-publish","hentry"],"_links":{"self":[{"href":"https:\/\/le.ese.ipp.pt\/index.php?rest_route=\/wp\/v2\/pages\/854","targetHints":{"allow":["GET"]}}],"collection":[{"href":"https:\/\/le.ese.ipp.pt\/index.php?rest_route=\/wp\/v2\/pages"}],"about":[{"href":"https:\/\/le.ese.ipp.pt\/index.php?rest_route=\/wp\/v2\/types\/page"}],"author":[{"embeddable":true,"href":"https:\/\/le.ese.ipp.pt\/index.php?rest_route=\/wp\/v2\/users\/2"}],"replies":[{"embeddable":true,"href":"https:\/\/le.ese.ipp.pt\/index.php?rest_route=%2Fwp%2Fv2%2Fcomments&post=854"}],"version-history":[{"count":4,"href":"https:\/\/le.ese.ipp.pt\/index.php?rest_route=\/wp\/v2\/pages\/854\/revisions"}],"predecessor-version":[{"id":941,"href":"https:\/\/le.ese.ipp.pt\/index.php?rest_route=\/wp\/v2\/pages\/854\/revisions\/941"}],"wp:attachment":[{"href":"https:\/\/le.ese.ipp.pt\/index.php?rest_route=%2Fwp%2Fv2%2Fmedia&parent=854"}],"curies":[{"name":"wp","href":"https:\/\/api.w.org\/{rel}","templated":true}]}}