{"id":839,"date":"2020-01-08T10:07:40","date_gmt":"2020-01-08T10:07:40","guid":{"rendered":"http:\/\/le.ese.ipp.pt\/?page_id=839"},"modified":"2020-01-16T09:44:08","modified_gmt":"2020-01-16T09:44:08","slug":"1920b03_","status":"publish","type":"page","link":"https:\/\/le.ese.ipp.pt\/?page_id=839","title":{"rendered":"1920B03_Digital divide in society"},"content":{"rendered":"\n<p><\/p>\n\n\n\n<p>Digital divide in society<\/p>\n\n\n\n<figure class=\"wp-block-image\"><img loading=\"lazy\" decoding=\"async\" width=\"1024\" height=\"1021\" src=\"https:\/\/le.ese.ipp.pt\/wp-content\/uploads\/2020\/01\/imagem-16-1024x1021.png\" alt=\"\" class=\"wp-image-926\" srcset=\"https:\/\/le.ese.ipp.pt\/wp-content\/uploads\/2020\/01\/imagem-16-1024x1021.png 1024w, https:\/\/le.ese.ipp.pt\/wp-content\/uploads\/2020\/01\/imagem-16-150x150.png 150w, https:\/\/le.ese.ipp.pt\/wp-content\/uploads\/2020\/01\/imagem-16-300x300.png 300w, https:\/\/le.ese.ipp.pt\/wp-content\/uploads\/2020\/01\/imagem-16-768x766.png 768w, https:\/\/le.ese.ipp.pt\/wp-content\/uploads\/2020\/01\/imagem-16.png 1241w\" sizes=\"auto, (max-width: 1024px) 100vw, 1024px\" \/><figcaption><a href=\"https:\/\/digital-divide-in-society4.webnode.pt\/\">https:\/\/digital-divide-in-society4.webnode.pt\/<\/a><\/figcaption><\/figure>\n\n\n\n<p> Ana Nunes (anacrnunes@gmail.com)<br>Cl\u00e1udia Teixeira (claudiaisabel.istt@gmail.com)<br>Joana Marques <br>(joanasantosmarques10@gmail.com)<br>In\u00eas Santos (inessantosp8@gmail.com)<br>In\u00eas Leal\u00a0 (inesmleal8@gmail.com)<\/p>\n\n\n\n<figure class=\"wp-block-image is-resized\"><img loading=\"lazy\" decoding=\"async\" src=\"https:\/\/padlet.pics\/1\/proxy?url=https%3A%2F%2Flh5.googleusercontent.com%2FUWfi2TFW4foKP-45UbUr_LXya5mUmsGbqowPMQ7sFDuxIL91o-JGxIXJIlSJdS_qnm13Osuy4GfWTNFzofbdBQnon2WQhFcV%3Dw1424-h1424-rw-e365\" alt=\"\" width=\"305\" height=\"171\"\/><\/figure>\n\n\n\n<figure class=\"wp-block-embed\"><div class=\"wp-block-embed__wrapper\">\nhttps:\/\/digital-divide-in-society4.webnode.pt\/\n<\/div><\/figure>\n","protected":false},"excerpt":{"rendered":"<p>Digital divide in society Ana Nunes (anacrnunes@gmail.com)Cl\u00e1udia Teixeira (claudiaisabel.istt@gmail.com)Joana Marques (joanasantosmarques10@gmail.com)In\u00eas Santos (inessantosp8@gmail.com)In\u00eas Leal\u00a0 (inesmleal8@gmail.com)<\/p>\n","protected":false},"author":2,"featured_media":0,"parent":0,"menu_order":0,"comment_status":"closed","ping_status":"closed","template":"","meta":{"ngg_post_thumbnail":0,"footnotes":""},"class_list":["post-839","page","type-page","status-publish","hentry"],"_links":{"self":[{"href":"https:\/\/le.ese.ipp.pt\/index.php?rest_route=\/wp\/v2\/pages\/839","targetHints":{"allow":["GET"]}}],"collection":[{"href":"https:\/\/le.ese.ipp.pt\/index.php?rest_route=\/wp\/v2\/pages"}],"about":[{"href":"https:\/\/le.ese.ipp.pt\/index.php?rest_route=\/wp\/v2\/types\/page"}],"author":[{"embeddable":true,"href":"https:\/\/le.ese.ipp.pt\/index.php?rest_route=\/wp\/v2\/users\/2"}],"replies":[{"embeddable":true,"href":"https:\/\/le.ese.ipp.pt\/index.php?rest_route=%2Fwp%2Fv2%2Fcomments&post=839"}],"version-history":[{"count":2,"href":"https:\/\/le.ese.ipp.pt\/index.php?rest_route=\/wp\/v2\/pages\/839\/revisions"}],"predecessor-version":[{"id":927,"href":"https:\/\/le.ese.ipp.pt\/index.php?rest_route=\/wp\/v2\/pages\/839\/revisions\/927"}],"wp:attachment":[{"href":"https:\/\/le.ese.ipp.pt\/index.php?rest_route=%2Fwp%2Fv2%2Fmedia&parent=839"}],"curies":[{"name":"wp","href":"https:\/\/api.w.org\/{rel}","templated":true}]}}