{"id":564,"date":"2018-01-20T21:40:57","date_gmt":"2018-01-20T21:40:57","guid":{"rendered":"http:\/\/le.ese.ipp.pt\/?page_id=564"},"modified":"2018-01-21T12:23:23","modified_gmt":"2018-01-21T12:23:23","slug":"1718a04","status":"publish","type":"page","link":"https:\/\/le.ese.ipp.pt\/?page_id=564","title":{"rendered":"1718A04 Bullying in Media"},"content":{"rendered":"<h1>Bullying in Media (Two-Step Flow Theory)<\/h1>\n<p><a href=\"https:\/\/le.ese.ipp.pt\/wp-content\/uploads\/2018\/01\/1718A04.png\"><img loading=\"lazy\" decoding=\"async\" class=\"alignnone size-medium wp-image-565\" src=\"https:\/\/le.ese.ipp.pt\/wp-content\/uploads\/2018\/01\/1718A04-300x227.png\" alt=\"\" width=\"300\" height=\"227\" srcset=\"https:\/\/le.ese.ipp.pt\/wp-content\/uploads\/2018\/01\/1718A04-300x227.png 300w, https:\/\/le.ese.ipp.pt\/wp-content\/uploads\/2018\/01\/1718A04-768x582.png 768w, https:\/\/le.ese.ipp.pt\/wp-content\/uploads\/2018\/01\/1718A04-1024x776.png 1024w, https:\/\/le.ese.ipp.pt\/wp-content\/uploads\/2018\/01\/1718A04.png 1172w\" sizes=\"auto, (max-width: 300px) 100vw, 300px\" \/><\/a><\/p>\n<p>This is a blog to talk about &#8216;cyberbullying&#8217; and we&#8217;re a school group of 5 people that hope you will learn more about this topic with our posts.<\/p>\n<div><!--block--><a href=\"http:\/\/stopcyberbullying.blogs.sapo.pt\/?skip=5\">http:\/\/stopcyberbullying.blogs.sapo.pt\/?skip=5<\/a>&nbsp;<br \/>\n| Ant\u00f3nio Edgar Catanho<br \/>\n| Ant\u00f3nio Pedro Roque<br \/>\n| Beatriz Cunha<br \/>\n| In\u00eas Teixeira<br \/>\n| Xavier Bandeira<\/div>\n<div><a href=\"https:\/\/le.ese.ipp.pt\/wp-content\/uploads\/2018\/01\/1718A04.jpg\"><img loading=\"lazy\" decoding=\"async\" class=\"alignnone size-medium wp-image-674\" src=\"https:\/\/le.ese.ipp.pt\/wp-content\/uploads\/2018\/01\/1718A04-300x169.jpg\" alt=\"\" width=\"300\" height=\"169\" srcset=\"https:\/\/le.ese.ipp.pt\/wp-content\/uploads\/2018\/01\/1718A04-300x169.jpg 300w, https:\/\/le.ese.ipp.pt\/wp-content\/uploads\/2018\/01\/1718A04-768x432.jpg 768w, https:\/\/le.ese.ipp.pt\/wp-content\/uploads\/2018\/01\/1718A04-1024x576.jpg 1024w, https:\/\/le.ese.ipp.pt\/wp-content\/uploads\/2018\/01\/1718A04.jpg 1587w\" sizes=\"auto, (max-width: 300px) 100vw, 300px\" \/><\/a><\/div>\n","protected":false},"excerpt":{"rendered":"<p>Bullying in Media (Two-Step Flow Theory) This is a blog to talk about &#8216;cyberbullying&#8217; and we&#8217;re a school group of 5 people that hope you will learn more about this topic with our posts. http:\/\/stopcyberbullying.blogs.sapo.pt\/?skip=5&nbsp; | Ant\u00f3nio Edgar Catanho | Ant\u00f3nio Pedro Roque | Beatriz Cunha | In\u00eas Teixeira | Xavier Bandeira<\/p>\n","protected":false},"author":2,"featured_media":0,"parent":0,"menu_order":0,"comment_status":"closed","ping_status":"closed","template":"","meta":{"ngg_post_thumbnail":0,"footnotes":""},"class_list":["post-564","page","type-page","status-publish","hentry"],"_links":{"self":[{"href":"https:\/\/le.ese.ipp.pt\/index.php?rest_route=\/wp\/v2\/pages\/564","targetHints":{"allow":["GET"]}}],"collection":[{"href":"https:\/\/le.ese.ipp.pt\/index.php?rest_route=\/wp\/v2\/pages"}],"about":[{"href":"https:\/\/le.ese.ipp.pt\/index.php?rest_route=\/wp\/v2\/types\/page"}],"author":[{"embeddable":true,"href":"https:\/\/le.ese.ipp.pt\/index.php?rest_route=\/wp\/v2\/users\/2"}],"replies":[{"embeddable":true,"href":"https:\/\/le.ese.ipp.pt\/index.php?rest_route=%2Fwp%2Fv2%2Fcomments&post=564"}],"version-history":[{"count":4,"href":"https:\/\/le.ese.ipp.pt\/index.php?rest_route=\/wp\/v2\/pages\/564\/revisions"}],"predecessor-version":[{"id":675,"href":"https:\/\/le.ese.ipp.pt\/index.php?rest_route=\/wp\/v2\/pages\/564\/revisions\/675"}],"wp:attachment":[{"href":"https:\/\/le.ese.ipp.pt\/index.php?rest_route=%2Fwp%2Fv2%2Fmedia&parent=564"}],"curies":[{"name":"wp","href":"https:\/\/api.w.org\/{rel}","templated":true}]}}