{"id":380,"date":"2017-01-27T11:48:04","date_gmt":"2017-01-27T11:48:04","guid":{"rendered":"http:\/\/le.ese.ipp.pt\/?page_id=380"},"modified":"2018-01-21T12:09:43","modified_gmt":"2018-01-21T12:09:43","slug":"1717b04","status":"publish","type":"page","link":"https:\/\/le.ese.ipp.pt\/?page_id=380","title":{"rendered":"1617B04 Homosexuality in the media"},"content":{"rendered":"<h1 style=\"text-align: center;\">HOMOSEXUALITY IN THE MEDIA<\/h1>\n<p><a href=\"http:\/\/homosexuality-in-the-media.webnode.pt\/\" target=\"_blank\" rel=\"noopener\"><img loading=\"lazy\" decoding=\"async\" class=\"alignnone size-medium wp-image-381 aligncenter\" src=\"https:\/\/le.ese.ipp.pt\/wp-content\/uploads\/2017\/01\/2017-01-20_145547-1-300x228.jpg\" alt=\"\" width=\"300\" height=\"228\" srcset=\"https:\/\/le.ese.ipp.pt\/wp-content\/uploads\/2017\/01\/2017-01-20_145547-1-300x228.jpg 300w, https:\/\/le.ese.ipp.pt\/wp-content\/uploads\/2017\/01\/2017-01-20_145547-1-768x584.jpg 768w, https:\/\/le.ese.ipp.pt\/wp-content\/uploads\/2017\/01\/2017-01-20_145547-1-1024x779.jpg 1024w, https:\/\/le.ese.ipp.pt\/wp-content\/uploads\/2017\/01\/2017-01-20_145547-1.jpg 1350w\" sizes=\"auto, (max-width: 300px) 100vw, 300px\" \/><\/a><\/p>\n<hr>\n<p>D\u00c9BORA FILIPA SANTOS FERREIRA<br \/>\nJOANA FILIPA MADUREIRA RODRIGUES<br \/>\nJO\u00c3O MANUEL PINTO CERQUEIRA<br \/>\nCARLOS DANIEL DA SILVA GON\u00c7ALVES<\/p>\n<p>This work was done by four people with the intention to understand and explain how homosexuality is seen on the media. This is the final project of the semester and it is the result of the culmination of different tasks that were assigned to us. The image above was given to us by Nelma, one of the girls in the picture and the person we interviewed. On your left you can check the different tabs that will transfer you to different parts of our final assessment.<\/p>\n<hr>\n<p><a href=\"https:\/\/le.ese.ipp.pt\/wp-content\/uploads\/2017\/01\/2017-01-27_114544.jpg\"><img loading=\"lazy\" decoding=\"async\" class=\"alignnone size-medium wp-image-382 aligncenter\" src=\"https:\/\/le.ese.ipp.pt\/wp-content\/uploads\/2017\/01\/2017-01-27_114544-300x267.jpg\" alt=\"\" width=\"300\" height=\"267\" srcset=\"https:\/\/le.ese.ipp.pt\/wp-content\/uploads\/2017\/01\/2017-01-27_114544-300x267.jpg 300w, https:\/\/le.ese.ipp.pt\/wp-content\/uploads\/2017\/01\/2017-01-27_114544-768x682.jpg 768w, https:\/\/le.ese.ipp.pt\/wp-content\/uploads\/2017\/01\/2017-01-27_114544-1024x910.jpg 1024w, https:\/\/le.ese.ipp.pt\/wp-content\/uploads\/2017\/01\/2017-01-27_114544.jpg 1077w\" sizes=\"auto, (max-width: 300px) 100vw, 300px\" \/><\/a><\/p>\n<p style=\"text-align: center;\"><a href=\"https:\/\/le.ese.ipp.pt\/wp-content\/uploads\/2017\/01\/2017-01-27_114744.jpg\"><img loading=\"lazy\" decoding=\"async\" class=\"alignnone size-medium wp-image-384\" src=\"https:\/\/le.ese.ipp.pt\/wp-content\/uploads\/2017\/01\/2017-01-27_114744-161x300.jpg\" alt=\"\" width=\"161\" height=\"300\" srcset=\"https:\/\/le.ese.ipp.pt\/wp-content\/uploads\/2017\/01\/2017-01-27_114744-161x300.jpg 161w, https:\/\/le.ese.ipp.pt\/wp-content\/uploads\/2017\/01\/2017-01-27_114744.jpg 540w\" sizes=\"auto, (max-width: 161px) 100vw, 161px\" \/><\/a><\/p>\n<p><a href=\"https:\/\/le.ese.ipp.pt\/wp-content\/uploads\/2017\/01\/2017-01-11-10.31.52.jpg\"><img loading=\"lazy\" decoding=\"async\" class=\"alignnone size-medium wp-image-383 aligncenter\" src=\"https:\/\/le.ese.ipp.pt\/wp-content\/uploads\/2017\/01\/2017-01-11-10.31.52-300x225.jpg\" alt=\"\" width=\"300\" height=\"225\" srcset=\"https:\/\/le.ese.ipp.pt\/wp-content\/uploads\/2017\/01\/2017-01-11-10.31.52-300x225.jpg 300w, https:\/\/le.ese.ipp.pt\/wp-content\/uploads\/2017\/01\/2017-01-11-10.31.52-768x576.jpg 768w, https:\/\/le.ese.ipp.pt\/wp-content\/uploads\/2017\/01\/2017-01-11-10.31.52-1024x768.jpg 1024w\" sizes=\"auto, (max-width: 300px) 100vw, 300px\" \/><\/a><\/p>\n<p>&nbsp;<\/p>\n","protected":false},"excerpt":{"rendered":"<p>HOMOSEXUALITY IN THE MEDIA D\u00c9BORA FILIPA SANTOS FERREIRA JOANA FILIPA MADUREIRA RODRIGUES JO\u00c3O MANUEL PINTO CERQUEIRA CARLOS DANIEL DA SILVA GON\u00c7ALVES This work was done by four people with the intention to understand and explain how homosexuality is seen on the media. This is the final project of the semester and it is the result [&hellip;]<\/p>\n","protected":false},"author":2,"featured_media":0,"parent":0,"menu_order":0,"comment_status":"open","ping_status":"closed","template":"","meta":{"ngg_post_thumbnail":0,"footnotes":""},"class_list":["post-380","page","type-page","status-publish","hentry"],"_links":{"self":[{"href":"https:\/\/le.ese.ipp.pt\/index.php?rest_route=\/wp\/v2\/pages\/380","targetHints":{"allow":["GET"]}}],"collection":[{"href":"https:\/\/le.ese.ipp.pt\/index.php?rest_route=\/wp\/v2\/pages"}],"about":[{"href":"https:\/\/le.ese.ipp.pt\/index.php?rest_route=\/wp\/v2\/types\/page"}],"author":[{"embeddable":true,"href":"https:\/\/le.ese.ipp.pt\/index.php?rest_route=\/wp\/v2\/users\/2"}],"replies":[{"embeddable":true,"href":"https:\/\/le.ese.ipp.pt\/index.php?rest_route=%2Fwp%2Fv2%2Fcomments&post=380"}],"version-history":[{"count":5,"href":"https:\/\/le.ese.ipp.pt\/index.php?rest_route=\/wp\/v2\/pages\/380\/revisions"}],"predecessor-version":[{"id":658,"href":"https:\/\/le.ese.ipp.pt\/index.php?rest_route=\/wp\/v2\/pages\/380\/revisions\/658"}],"wp:attachment":[{"href":"https:\/\/le.ese.ipp.pt\/index.php?rest_route=%2Fwp%2Fv2%2Fmedia&parent=380"}],"curies":[{"name":"wp","href":"https:\/\/api.w.org\/{rel}","templated":true}]}}