{"id":311,"date":"2017-01-27T09:58:42","date_gmt":"2017-01-27T09:58:42","guid":{"rendered":"http:\/\/le.ese.ipp.pt\/?page_id=311"},"modified":"2018-01-21T12:04:57","modified_gmt":"2018-01-21T12:04:57","slug":"1617b04","status":"publish","type":"page","link":"https:\/\/le.ese.ipp.pt\/?page_id=311","title":{"rendered":"1617A04 Narrative Conventions"},"content":{"rendered":"<h1 style=\"text-align: center;\">NARRATIVE CONVENTIONS<\/h1>\n<p><a href=\"http:\/\/miguelcxde.wixsite.com\/media\" target=\"_blank\" rel=\"noopener\"><img loading=\"lazy\" decoding=\"async\" class=\"alignnone wp-image-312 aligncenter\" src=\"https:\/\/le.ese.ipp.pt\/wp-content\/uploads\/2017\/01\/2017-01-20_231628-1-178x300.jpg\" alt=\"\" width=\"320\" height=\"540\" srcset=\"https:\/\/le.ese.ipp.pt\/wp-content\/uploads\/2017\/01\/2017-01-20_231628-1-178x300.jpg 178w, https:\/\/le.ese.ipp.pt\/wp-content\/uploads\/2017\/01\/2017-01-20_231628-1-608x1024.jpg 608w, https:\/\/le.ese.ipp.pt\/wp-content\/uploads\/2017\/01\/2017-01-20_231628-1.jpg 716w\" sizes=\"auto, (max-width: 320px) 100vw, 320px\" \/><\/a><\/p>\n<hr>\n<ul>\n<li>MAFALDA IN\u00caS DE VASCONCELOS TEIXEIRA E SOUSA<\/li>\n<li>MIGUEL \u00c2NGELO FERREIRA COSTA<\/li>\n<li>M\u00d3NICA SOFIA PINTO RIBEIRO<\/li>\n<li>PATR\u00cdCIA ANDR\u00c9A FONSECA MACHADO<\/li>\n<\/ul>\n<div id=\"ppPrt4-6xh_MediaBottomPage_PhotoPost__0_0_0_0_def_20_false\" class=\" flex_vbox\" data-reactid=\".0.$SITE_ROOT.$desktop_siteRoot.$PAGES_CONTAINER.1.1.$SITE_PAGES.$czwt.1.$ppPrt4-6xh.0.0.$child.$0.$0.$0.0.$0.$child.$1.1.$1.$6\">\n<div id=\"ppPrt4-6xh_MediaBottomPage_PhotoPost__0_0_0_0_text\" class=\"s10\" data-reactid=\".0.$SITE_ROOT.$desktop_siteRoot.$PAGES_CONTAINER.1.1.$SITE_PAGES.$czwt.1.$ppPrt4-6xh.0.0.$child.$0.$0.$0.0.$0.$child.$1.1.$1.$6.$0\">\n<div id=\"ppPrt4-6xh_MediaBottomPage_PhotoPost__0_0_0_0_textrichTextContainer\" class=\"s10_richTextContainer s10richTextContainer\" data-reactid=\".0.$SITE_ROOT.$desktop_siteRoot.$PAGES_CONTAINER.1.1.$SITE_PAGES.$czwt.1.$ppPrt4-6xh.0.0.$child.$0.$0.$0.0.$0.$child.$1.1.$1.$6.$0.0\">\n<p class=\"font_8\"><em>Over the evolution of technologies, media created a stereotype around people\u2019s age. Individuals in younger ages are seen as experts and older people are seen as ignorant when it comes to that.<\/em><\/p>\n<\/div>\n<\/div>\n<\/div>\n<div id=\"ppPrt4-6xh_MediaBottomPage_PhotoPost__0_0_0_0_textSpace_child\" data-reactid=\".0.$SITE_ROOT.$desktop_siteRoot.$PAGES_CONTAINER.1.1.$SITE_PAGES.$czwt.1.$ppPrt4-6xh.0.0.$child.$0.$0.$0.0.$0.$child.$1.1.$1.$7\">\n<p>&nbsp;<\/p>\n<hr>\n<\/div>\n<p><a href=\"https:\/\/le.ese.ipp.pt\/wp-content\/uploads\/2017\/01\/2017-01-20_143231.jpg\"><img loading=\"lazy\" decoding=\"async\" class=\"alignnone wp-image-313 aligncenter\" src=\"https:\/\/le.ese.ipp.pt\/wp-content\/uploads\/2017\/01\/2017-01-20_143231-245x300.jpg\" alt=\"\" width=\"201\" height=\"246\" srcset=\"https:\/\/le.ese.ipp.pt\/wp-content\/uploads\/2017\/01\/2017-01-20_143231-245x300.jpg 245w, https:\/\/le.ese.ipp.pt\/wp-content\/uploads\/2017\/01\/2017-01-20_143231-768x939.jpg 768w, https:\/\/le.ese.ipp.pt\/wp-content\/uploads\/2017\/01\/2017-01-20_143231.jpg 773w\" sizes=\"auto, (max-width: 201px) 100vw, 201px\" \/><\/a><\/p>\n<p><a href=\"https:\/\/le.ese.ipp.pt\/wp-content\/uploads\/2017\/01\/2017-01-27_095751.jpg\"><img loading=\"lazy\" decoding=\"async\" class=\"alignnone size-medium wp-image-314 aligncenter\" src=\"https:\/\/le.ese.ipp.pt\/wp-content\/uploads\/2017\/01\/2017-01-27_095751-231x300.jpg\" alt=\"\" width=\"231\" height=\"300\" srcset=\"https:\/\/le.ese.ipp.pt\/wp-content\/uploads\/2017\/01\/2017-01-27_095751-231x300.jpg 231w, https:\/\/le.ese.ipp.pt\/wp-content\/uploads\/2017\/01\/2017-01-27_095751.jpg 679w\" sizes=\"auto, (max-width: 231px) 100vw, 231px\" \/><\/a><\/p>\n","protected":false},"excerpt":{"rendered":"<p>NARRATIVE CONVENTIONS MAFALDA IN\u00caS DE VASCONCELOS TEIXEIRA E SOUSA MIGUEL \u00c2NGELO FERREIRA COSTA M\u00d3NICA SOFIA PINTO RIBEIRO PATR\u00cdCIA ANDR\u00c9A FONSECA MACHADO Over the evolution of technologies, media created a stereotype around people\u2019s age. Individuals in younger ages are seen as experts and older people are seen as ignorant when it comes to that. &nbsp;<\/p>\n","protected":false},"author":1,"featured_media":0,"parent":0,"menu_order":0,"comment_status":"open","ping_status":"closed","template":"","meta":{"ngg_post_thumbnail":0,"footnotes":""},"class_list":["post-311","page","type-page","status-publish","hentry"],"_links":{"self":[{"href":"https:\/\/le.ese.ipp.pt\/index.php?rest_route=\/wp\/v2\/pages\/311","targetHints":{"allow":["GET"]}}],"collection":[{"href":"https:\/\/le.ese.ipp.pt\/index.php?rest_route=\/wp\/v2\/pages"}],"about":[{"href":"https:\/\/le.ese.ipp.pt\/index.php?rest_route=\/wp\/v2\/types\/page"}],"author":[{"embeddable":true,"href":"https:\/\/le.ese.ipp.pt\/index.php?rest_route=\/wp\/v2\/users\/1"}],"replies":[{"embeddable":true,"href":"https:\/\/le.ese.ipp.pt\/index.php?rest_route=%2Fwp%2Fv2%2Fcomments&post=311"}],"version-history":[{"count":5,"href":"https:\/\/le.ese.ipp.pt\/index.php?rest_route=\/wp\/v2\/pages\/311\/revisions"}],"predecessor-version":[{"id":650,"href":"https:\/\/le.ese.ipp.pt\/index.php?rest_route=\/wp\/v2\/pages\/311\/revisions\/650"}],"wp:attachment":[{"href":"https:\/\/le.ese.ipp.pt\/index.php?rest_route=%2Fwp%2Fv2%2Fmedia&parent=311"}],"curies":[{"name":"wp","href":"https:\/\/api.w.org\/{rel}","templated":true}]}}